e highest common factor of 4 and f.
4
Suppose o = -2*o + 198. Calculate the highest common factor of o and 44.
22
Suppose 0 = 5*s + 5*w - 140, -17 = -2*s + 4*w + 9. Calculate the greatest common factor of s and 115.
23
Let g be (-2)/8 - 484/(-16). Suppose 3*q - 4*q = -r - 23, -3*q + 48 = 4*r. What is the highest common factor of q and g?
10
Let v be (5 + (-2)/1)*-7. Let o be 132/v + 2/7. Let h be (-3)/(o/20) - 1. What is the greatest common divisor of 36 and h?
9
Let l(i) = 14*i**2 - 3*i + 1. Let p = -7 + 9. Let c be l(p). Calculate the greatest common divisor of c and 17.
17
Let i = 21 + -5. Let j be (0*(-3)/12)/2. Suppose -y + i + 0 = j. What is the highest common factor of 176 and y?
16
Let c be 5456/96 - 2/(-12). What is the highest common factor of c and 19?
19
Let m = 13 - 11. Let h(o) = 2*o**2 + 6*o + 2. Suppose -4*j - 14 = 6. Let z be h(j). Calculate the greatest common factor of m and z.
2
Let w(r) = r**2 - 2*r + 4. Let v = 17 + -12. Let s be w(v). Calculate the greatest common factor of 190 and s.
19
Let l = -42 + 53. Suppose -a = 4*a - 2*k - 271, 2*a + 5*k - 120 = 0. What is the highest common factor of l and a?
11
Let k(b) = -12*b - 95. Let l be k(-9). Calculate the highest common divisor of l and 26.
13
Let a(i) be the first derivative of 3*i**4/4 - 2*i**3/3 - 3*i**2/2 + 2*i + 2. Let l be a(2). Calculate the highest common divisor of l and 36.
12
Let v be (-4)/6 - -1 - 2124/(-108). What is the highest common divisor of 20 and v?
20
Let g be (-1 + 0)/(-5) - (-22192)/190. Calculate the highest common factor of g and 13.
13
Let a(n) be the third derivative of n**5/60 - n**4/8 - 2*n**2. Let g be a(6). Calculate the greatest common divisor of 2 and g.
2
Suppose -5*m + 33 = -2*m. Calculate the highest common divisor of m and 11.
11
Let y(q) = -q**2 - 6*q. Let k be y(-6). Suppose k = 2*j - 36 + 6. Suppose -4*d + 180 = -d. Calculate the greatest common divisor of j and d.
15
Suppose -c = 5*k - 162 - 20, -5*c + 962 = -k. What is the greatest common factor of c and 24?
24
Let z = 202 + -120. Suppose -2 = -h - 0*h, z = k + h. Let y = -38 + 58. Calculate the greatest common factor of y and k.
20
Suppose 0 = 4*j + 2 - 10. Let c be -1*(6/j + -16). Calculate the greatest common factor of c and 91.
13
Suppose -5*j + 8 = -3*z, -3*z - 2*z + 24 = j. Let b = -11 - -24. Suppose 0 = -p - 4*s - s + 15, z*s - b = -p. Calculate the greatest common factor of p and 20.
5
Suppose 5*i - 74 = -3*r, -3*i = 2*i - r - 82. Suppose -3*h = 2*h - 40. What is the highest common factor of i and h?
8
Let f(w) = -w + 5. Let d be f(5). Suppose -4*g + 30 + 66 = d. What is the highest common divisor of 60 and g?
12
Suppose -77 = -2*i - 3*r, 0 = -2*i - 2*r + 65 + 9. Suppose -a + 15 = 37. Let j = a + i. Calculate the greatest common divisor of 18 and j.
6
Let h = 11 - 5. Let q = h - 0. Suppose -3*f - 66 = -4*f. Calculate the greatest common factor of f and q.
6
Let h be 2/((8/(-28))/1)*-8. Calculate the greatest common factor of 7 and h.
7
Suppose -5*c - 73 = -4*s, -c = s + 4 - 11. What is the greatest common factor of s and 8?
4
Let w be (13/26)/(2/196). Suppose -3*d + 5*j = -45, -j = -4*d + 2*j + w. Calculate the highest common divisor of 20 and d.
10
Let z = 214 - 139. Suppose -2*k + 62 = 32. What is the highest common divisor of z and k?
15
Suppose 10*v - 135 = 5*v. What is the greatest common factor of v and 18?
9
Suppose s = 6*s. Suppose 5*c + 2*u = 23 + 37, c - u - 5 = s. Calculate the highest common divisor of 2 and c.
2
Let g = 342 - 187. What is the greatest common divisor of 5 and g?
5
Let u = 63 + -44. What is the highest common factor of u and 19?
19
Let f be (-18)/2 + 1 + 0. Let l be -2 + (-3 - (f - 0)). Calculate the highest common factor of l and 6.
3
Let w(v) = -3*v + 0 - 1 + 4*v - 3*v. Let l be w(-7). What is the greatest common divisor of l and 52?
13
Suppose -3*b - 24 - 10 = -4*u, -3*b + 2*u - 32 = 0. Let i = 26 + b. Suppose 6*j - 2*j - 704 = 0. What is the highest common divisor of j and i?
16
Let v be (-1)/(2/8)*23/(-23). What is the greatest common divisor of v and 12?
4
Suppose -6*f + 12*f = 1968. What is the greatest common factor of f and 41?
41
Suppose 14 = 3*u - 2*u - 2*q, -3*q = u + 1. What is the highest common factor of 16 and u?
8
Suppose -5*u + 0*f = -4*f - 1321, 5*u = -f + 1301. Calculate the greatest common factor of 29 and u.
29
Let r = 137 + -29. Let k = -15 - -27. Calculate the highest common divisor of r and k.
12
Let z = -196 - -327. Suppose -5*j + 772 = 4*g, -j = -g - z - 18. Calculate the highest common factor of 19 and j.
19
Let s = 69 - 63. What is the highest common factor of s and 30?
6
Let w be (-40)/(-7) - (-18)/63. What is the greatest common factor of w and 15?
3
Suppose d = -4*m - 0*d + 35, 3*m = -5*d + 39. Calculate the greatest common divisor of m and 8.
8
Let t(w) = -w**3 - 22*w**2 + 23*w + 16. Let g be t(-23). What is the highest common factor of g and 80?
16
Suppose -48 = -4*o + 4*t, -o - 4*o + 3*t = -50. Let a(u) = 3*u**2 - 9*u + 4. Let q be a(o). Calculate the greatest common factor of q and 8.
8
Let i(b) = -2*b + 8. Let w be i(-5). Let u = 151 - 368. Let x = u - -361. Calculate the greatest common factor of x and w.
18
Let p be 35/(-10)*(-132)/7. Calculate the highest common factor of 22 and p.
22
Suppose -4*f - 3 = -5*f. Suppose -f*x - 152 + 377 = 0. Calculate the greatest common factor of 30 and x.
15
Suppose 0*a - 4 = a. Let u = a + 8. What is the highest common divisor of u and 28?
4
Let v = 125 - 106. Calculate the greatest common factor of 1 and v.
1
Suppose 6*d = 13 - 7. Let f be (-3)/12 + (-5)/(-4). What is the highest common factor of f and d?
1
Suppose -2*t = -t - 204. Let a be (9/6)/(2/t). What is the highest common divisor of a and 17?
17
Suppose -5*t - 6*l = -2*l - 168, 3*t + 5*l - 106 = 0. Let a be 2 + -1 - 1 - -48. Calculate the greatest common divisor of a and t.
16
Let r(p) = -p**3 - 10*p**2 - 8*p + 21. Let z be r(-9). Suppose -30 = -2*f - 3*f. Calculate the highest common factor of z and f.
6
Let j = 6 + 2. What is the greatest common divisor of j and 1?
1
Suppose 0 = -3*k - 5*t + 577, 4*k + 0*k + t - 758 = 0. Calculate the highest common factor of k and 21.
21
Suppose 0 = 4*y - 3*y - f - 3, -2*y - 3*f = 9. Let k(n) = 5*n + 2 + 5 + 0 + y*n. Let b be k(7). Calculate the highest common factor of 28 and b.
14
Suppose -2*d + 17 = -5*f - 24, -2*f + 90 = 3*d. What is the highest common factor of d and 35?
7
Suppose 0*y + 2*b = 4*y + 10, 5*y = 2*b - 15. Let t = 3 - y. Let l = 62 - 42. What is the greatest common factor of l and t?
4
Suppose -26*w + 825 = -23*w. What is the highest common factor of 25 and w?
25
Suppose 4*o - 5*o + 164 = 2*z, -4*o = -3*z + 224. Let h = 33 + -13. Calculate the greatest common factor of z and h.
20
Let m(t) = -14*t - 4. Let p(l) = -279*l - 81. Let z(k) = -81*m(k) + 4*p(k). Let g be z(1). What is the highest common divisor of g and 126?
18
Suppose 140 = 4*c + 44. What is the greatest common factor of 16 and c?
8
Suppose -5*a = -x + 64, 4*a + 5 = 3*a. Suppose k - 7 - 19 = 0. What is the greatest common factor of x and k?
13
Let t be (-3)/9 + 14/6. Let r(s) = -3*s + 1. Let m be r(1). Let j = m - -3. Calculate the greatest common divisor of t and j.
1
Suppose 4*v - 43 = 5. What is the highest common factor of v and 12?
12
Suppose -88 - 72 = 2*g. Let f be (g/28)/(4/(-14)). Suppose 101 - 1 = 5*m. What is the greatest common divisor of f and m?
10
Suppose -235 + 2545 = 14*g. Calculate the highest common factor of 15 and g.
15
Suppose -3*t + 9 + 9 = x, 0 = -3*x. Calculate the highest common factor of 24 and t.
6
Let j(g) = g**2 + 2*g - 11. Let l be j(-13). Suppose -m - l = -3*m. What is the greatest common factor of m and 44?
22
Let i be (-6)/12*(0 + -12). Calculate the highest common factor of i and 48.
6
Suppose -150 = -0*a - 3*a. Calculate the highest common divisor of a and 25.
25
Suppose 4*t + 3 = 15. Let s be (t - 1)*330/12. Calculate the highest common divisor of s and 11.
11
Let z(h) = h**3 - 7*h**2 + 8*h - 6. Suppose 2*i - 15 = -3. Let w be z(i). Calculate the highest common divisor of 24 and w.
6
Let k be -27*(8/(-3) - -2). What is the highest common divisor of k and 9?
9
Let c(j) = 5*j - 6. Let b be c(2). Suppose -110 + 14 = -b*d. What is the greatest common factor of 3